{"id":9820,"date":"2024-01-10T19:23:36","date_gmt":"2024-01-10T19:23:36","guid":{"rendered":"https:\/\/neredo.cl\/?page_id=9820"},"modified":"2024-02-20T18:06:49","modified_gmt":"2024-02-20T18:06:49","slug":"casas-canadienses","status":"publish","type":"page","link":"https:\/\/neredo.cl\/index.php\/casas-canadienses\/","title":{"rendered":"CASAS CANADIENSES"},"content":{"rendered":"<section class=\"l-section wpb_row height_custom\"><div class=\"l-section-h i-cf\"><div class=\"g-cols vc_row via_grid cols_2-1 laptops-cols_inherit tablets-cols_inherit mobiles-cols_1 valign_top type_default stacking_default\"><div class=\"wpb_column vc_column_container\"><div class=\"vc_column-inner\"><h1 class=\"w-text us_custom_b7eacf93 has_text_color\"><span class=\"w-text-h\"><span class=\"w-text-value\">CASAS CANADIENSES<\/span><\/span><\/h1><div class=\"wpb_text_column us_custom_432d3f53\"><div class=\"wpb_wrapper\"><p>En Neredo Constructora, un modelo muy solicitado de casa es la Casa Canadiense. \u00a0Las casas canadienses, o estilo canadiense, por la ca\u00edda que presentan sus techos, son ideales para construir en sectores o Regiones que presenten muchas precipitaciones o nevadas. Su sistema de revestimiento de Vynil Siding es f\u00e1cil de mantener siempre limpio con un hidrolavado, motivo por el cual, los clientes que eligen construir con nosotros una casa canadiense, siempre se muestran muy contentos al momento de no tener que estar pintando la fachada todos los a\u00f1os.<\/p>\n<p>Las casas canadienses son famosas por su estilo r\u00fastico y acogedor, que se adapta perfectamente al clima fr\u00edo y nevado del pa\u00eds. Estas casas suelen estar construidas con madera y piedra, lo que les da un aspecto natural y tradicional. Adem\u00e1s, la mayor\u00eda de las casas canadienses tienen grandes ventanales para aprovechar la luz natural y disfrutar de las impresionantes vistas del paisaje.<\/p>\n<p>Las casas canadienses tambi\u00e9n suelen tener una chimenea, que es una parte esencial de la decoraci\u00f3n y proporciona un ambiente c\u00e1lido y acogedor durante los fr\u00edos inviernos. El interior de las casas canadienses se caracteriza por una mezcla de muebles r\u00fasticos y modernos, con colores c\u00e1lidos y materiales naturales como la madera y la piedra. Si est\u00e1s buscando una casa con un estilo acogedor y tradicional, una casa canadiense puede ser la opci\u00f3n perfecta para ti.<\/p>\n<div class=\"divtags\">\n<h1>Casas canadienses<\/h1>\n<h1>Estilo canadiense<\/h1>\n<h1>Arquitectura canadiense<\/h1>\n<h1>Casas de madera canadienses<\/h1>\n<h1>Casas r\u00fasticas canadienses<\/h1>\n<h1>Casas de campo canadienses<\/h1>\n<h1>Casas con tejados a dos aguas<\/h1>\n<h1>Casas de troncos canadienses<\/h1>\n<h1>Casas modernas canadienses<\/h1>\n<h1>Casas de lujo canadienses<\/h1>\n<h1>Casas sostenibles canadienses<\/h1>\n<h1>Casas con grandes ventanales<\/h1>\n<h1>Casas con chimeneas canadienses<\/h1>\n<h1>Casas con porches canadienses<\/h1>\n<h1>Casas de piedra canadienses<\/h1>\n<h1>Casas en zonas monta\u00f1osas canadienses<\/h1>\n<\/div>\n<\/div><\/div><\/div><\/div><div class=\"wpb_column vc_column_container\"><div class=\"vc_column-inner\"><div class=\"w-image align_none\"><div class=\"w-image-h\"><img decoding=\"async\" width=\"944\" height=\"555\" src=\"https:\/\/neredo.cl\/wp-content\/uploads\/2021\/08\/canadienses.png\" class=\"attachment-large size-large\" alt=\"\" loading=\"lazy\" srcset=\"https:\/\/neredo.cl\/wp-content\/uploads\/2021\/08\/canadienses.png 944w, https:\/\/neredo.cl\/wp-content\/uploads\/2021\/08\/canadienses-300x176.png 300w, https:\/\/neredo.cl\/wp-content\/uploads\/2021\/08\/canadienses-600x353.png 600w\" sizes=\"auto, (max-width: 944px) 100vw, 944px\" \/><\/div><\/div><\/div><\/div><\/div><\/div><\/section>\n","protected":false},"excerpt":{"rendered":"CASAS CANADIENSESEn Neredo Constructora, un modelo muy solicitado de casa es la Casa Canadiense. \u00a0Las casas canadienses, o estilo canadiense, por la ca\u00edda que presentan sus techos, son ideales para construir en sectores o Regiones que presenten muchas precipitaciones o nevadas. Su sistema de revestimiento de Vynil Siding es f\u00e1cil de mantener siempre limpio con...","protected":false},"author":3,"featured_media":0,"parent":0,"menu_order":0,"comment_status":"closed","ping_status":"closed","template":"","meta":{"footnotes":""},"class_list":["post-9820","page","type-page","status-publish","hentry"],"yoast_head":"<!-- This site is optimized with the Yoast SEO plugin v26.3 - https:\/\/yoast.com\/wordpress\/plugins\/seo\/ -->\n<title>CASAS CANADIENSES - Neredo Constructora<\/title>\n<meta name=\"robots\" content=\"index, follow, max-snippet:-1, max-image-preview:large, max-video-preview:-1\" \/>\n<link rel=\"canonical\" href=\"https:\/\/neredo.cl\/index.php\/casas-canadienses\/\" \/>\n<meta property=\"og:locale\" content=\"es_ES\" \/>\n<meta property=\"og:type\" content=\"article\" \/>\n<meta property=\"og:title\" content=\"CASAS CANADIENSES - Neredo Constructora\" \/>\n<meta property=\"og:url\" content=\"https:\/\/neredo.cl\/index.php\/casas-canadienses\/\" \/>\n<meta property=\"og:site_name\" content=\"Neredo Constructora\" \/>\n<meta property=\"article:modified_time\" content=\"2024-02-20T18:06:49+00:00\" \/>\n<meta name=\"twitter:card\" content=\"summary_large_image\" \/>\n<meta name=\"twitter:label1\" content=\"Tiempo de lectura\" \/>\n\t<meta name=\"twitter:data1\" content=\"2 minutos\" \/>\n<script type=\"application\/ld+json\" class=\"yoast-schema-graph\">{\"@context\":\"https:\/\/schema.org\",\"@graph\":[{\"@type\":\"WebPage\",\"@id\":\"https:\/\/neredo.cl\/index.php\/casas-canadienses\/\",\"url\":\"https:\/\/neredo.cl\/index.php\/casas-canadienses\/\",\"name\":\"CASAS CANADIENSES - Neredo Constructora\",\"isPartOf\":{\"@id\":\"https:\/\/neredo.cl\/#website\"},\"datePublished\":\"2024-01-10T19:23:36+00:00\",\"dateModified\":\"2024-02-20T18:06:49+00:00\",\"breadcrumb\":{\"@id\":\"https:\/\/neredo.cl\/index.php\/casas-canadienses\/#breadcrumb\"},\"inLanguage\":\"es\",\"potentialAction\":[{\"@type\":\"ReadAction\",\"target\":[\"https:\/\/neredo.cl\/index.php\/casas-canadienses\/\"]}]},{\"@type\":\"BreadcrumbList\",\"@id\":\"https:\/\/neredo.cl\/index.php\/casas-canadienses\/#breadcrumb\",\"itemListElement\":[{\"@type\":\"ListItem\",\"position\":1,\"name\":\"Portada\",\"item\":\"https:\/\/neredo.cl\/\"},{\"@type\":\"ListItem\",\"position\":2,\"name\":\"CASAS CANADIENSES\"}]},{\"@type\":\"WebSite\",\"@id\":\"https:\/\/neredo.cl\/#website\",\"url\":\"https:\/\/neredo.cl\/\",\"name\":\"Neredo Constructora\",\"description\":\"Somos expertos en hacer realidad tus sue\u00f1os\",\"publisher\":{\"@id\":\"https:\/\/neredo.cl\/#organization\"},\"potentialAction\":[{\"@type\":\"SearchAction\",\"target\":{\"@type\":\"EntryPoint\",\"urlTemplate\":\"https:\/\/neredo.cl\/?s={search_term_string}\"},\"query-input\":{\"@type\":\"PropertyValueSpecification\",\"valueRequired\":true,\"valueName\":\"search_term_string\"}}],\"inLanguage\":\"es\"},{\"@type\":\"Organization\",\"@id\":\"https:\/\/neredo.cl\/#organization\",\"name\":\"Neredo Constructora\",\"url\":\"https:\/\/neredo.cl\/\",\"logo\":{\"@type\":\"ImageObject\",\"inLanguage\":\"es\",\"@id\":\"https:\/\/neredo.cl\/#\/schema\/logo\/image\/\",\"url\":\"https:\/\/neredo.cl\/wp-content\/uploads\/2017\/07\/REDISENO-NEREDO-22.jpg\",\"contentUrl\":\"https:\/\/neredo.cl\/wp-content\/uploads\/2017\/07\/REDISENO-NEREDO-22.jpg\",\"width\":2112,\"height\":1069,\"caption\":\"Neredo Constructora\"},\"image\":{\"@id\":\"https:\/\/neredo.cl\/#\/schema\/logo\/image\/\"},\"sameAs\":[\"https:\/\/www.instagram.com\/constructoraneredo\"]}]}<\/script>\n<!-- \/ Yoast SEO plugin. -->","yoast_head_json":{"title":"CASAS CANADIENSES - Neredo Constructora","robots":{"index":"index","follow":"follow","max-snippet":"max-snippet:-1","max-image-preview":"max-image-preview:large","max-video-preview":"max-video-preview:-1"},"canonical":"https:\/\/neredo.cl\/index.php\/casas-canadienses\/","og_locale":"es_ES","og_type":"article","og_title":"CASAS CANADIENSES - Neredo Constructora","og_url":"https:\/\/neredo.cl\/index.php\/casas-canadienses\/","og_site_name":"Neredo Constructora","article_modified_time":"2024-02-20T18:06:49+00:00","twitter_card":"summary_large_image","twitter_misc":{"Tiempo de lectura":"2 minutos"},"schema":{"@context":"https:\/\/schema.org","@graph":[{"@type":"WebPage","@id":"https:\/\/neredo.cl\/index.php\/casas-canadienses\/","url":"https:\/\/neredo.cl\/index.php\/casas-canadienses\/","name":"CASAS CANADIENSES - Neredo Constructora","isPartOf":{"@id":"https:\/\/neredo.cl\/#website"},"datePublished":"2024-01-10T19:23:36+00:00","dateModified":"2024-02-20T18:06:49+00:00","breadcrumb":{"@id":"https:\/\/neredo.cl\/index.php\/casas-canadienses\/#breadcrumb"},"inLanguage":"es","potentialAction":[{"@type":"ReadAction","target":["https:\/\/neredo.cl\/index.php\/casas-canadienses\/"]}]},{"@type":"BreadcrumbList","@id":"https:\/\/neredo.cl\/index.php\/casas-canadienses\/#breadcrumb","itemListElement":[{"@type":"ListItem","position":1,"name":"Portada","item":"https:\/\/neredo.cl\/"},{"@type":"ListItem","position":2,"name":"CASAS CANADIENSES"}]},{"@type":"WebSite","@id":"https:\/\/neredo.cl\/#website","url":"https:\/\/neredo.cl\/","name":"Neredo Constructora","description":"Somos expertos en hacer realidad tus sue\u00f1os","publisher":{"@id":"https:\/\/neredo.cl\/#organization"},"potentialAction":[{"@type":"SearchAction","target":{"@type":"EntryPoint","urlTemplate":"https:\/\/neredo.cl\/?s={search_term_string}"},"query-input":{"@type":"PropertyValueSpecification","valueRequired":true,"valueName":"search_term_string"}}],"inLanguage":"es"},{"@type":"Organization","@id":"https:\/\/neredo.cl\/#organization","name":"Neredo Constructora","url":"https:\/\/neredo.cl\/","logo":{"@type":"ImageObject","inLanguage":"es","@id":"https:\/\/neredo.cl\/#\/schema\/logo\/image\/","url":"https:\/\/neredo.cl\/wp-content\/uploads\/2017\/07\/REDISENO-NEREDO-22.jpg","contentUrl":"https:\/\/neredo.cl\/wp-content\/uploads\/2017\/07\/REDISENO-NEREDO-22.jpg","width":2112,"height":1069,"caption":"Neredo Constructora"},"image":{"@id":"https:\/\/neredo.cl\/#\/schema\/logo\/image\/"},"sameAs":["https:\/\/www.instagram.com\/constructoraneredo"]}]}},"_links":{"self":[{"href":"https:\/\/neredo.cl\/index.php\/wp-json\/wp\/v2\/pages\/9820","targetHints":{"allow":["GET"]}}],"collection":[{"href":"https:\/\/neredo.cl\/index.php\/wp-json\/wp\/v2\/pages"}],"about":[{"href":"https:\/\/neredo.cl\/index.php\/wp-json\/wp\/v2\/types\/page"}],"author":[{"embeddable":true,"href":"https:\/\/neredo.cl\/index.php\/wp-json\/wp\/v2\/users\/3"}],"replies":[{"embeddable":true,"href":"https:\/\/neredo.cl\/index.php\/wp-json\/wp\/v2\/comments?post=9820"}],"version-history":[{"count":5,"href":"https:\/\/neredo.cl\/index.php\/wp-json\/wp\/v2\/pages\/9820\/revisions"}],"predecessor-version":[{"id":10788,"href":"https:\/\/neredo.cl\/index.php\/wp-json\/wp\/v2\/pages\/9820\/revisions\/10788"}],"wp:attachment":[{"href":"https:\/\/neredo.cl\/index.php\/wp-json\/wp\/v2\/media?parent=9820"}],"curies":[{"name":"wp","href":"https:\/\/api.w.org\/{rel}","templated":true}]}}